)?
14
Let l(r) = 98 - 52 + r - 49. Calculate l(4).
1
Let z(p) = -p + 6. Suppose 0*u = -u - 17. Let r(w) = 8*w - 34. Let a be r(7). Let m = u + a. Give z(m).
1
Let a = -39 - -92. Let f = a - 49. Let w(z) = z**3 - 4*z**2 - 2. What is w(f)?
-2
Let z(a) be the first derivative of a**4/12 - a**3/3 + a**2 + a + 16. Let r(h) be the first derivative of z(h). Calculate r(3).
5
Let h(l) = -l + 11. Let k be (-5 + 5)*1/(-2). Determine h(k).
11
Suppose 0 = -10*y + 41 + 19. Let c(v) be the first derivative of -v**2/2 - v - 29. Determine c(y).
-7
Let x(d) = -1 - 12*d + 3*d + 3*d + 4*d + d**2. Give x(7).
34
Let t(x) = x**2 + 1. Let h be t(-2). Let d(f) = 2*f + 3. Suppose -5*n = -18 + 38. Let s(g) = 2*g + 3. Let v(m) = h*d(m) + n*s(m). Give v(-5).
-7
Let y = -715 + 706. Let c(l) = l**3 + 7*l**2 - 19*l - 11. Determine c(y).
-2
Let l(p) = 2*p + 3. Let o(u) = 17*u**2 - 4*u + 0*u**3 - u**3 - 22*u**2 + 3. Let v be o(-4). Suppose -4*w = -v*d, 2*w - 4*d = -3*w + 1. Determine l(w).
-3
Let c(v) = -v**3 + 4*v**2 + v + 2. Let h be 4/(-12)*(3 + 2 - 17). What is c(h)?
6
Suppose -j - j + 4 = 0. Suppose s - j*r + 3*r = 3, 9 = -s + 2*r. Let q(y) = -13*y**2 - 2*y - 1. Calculate q(s).
-12
Let s(z) = z + 3. Let v = 80 - 80. Determine s(v).
3
Let d = 9 + -8. Suppose j = 2 + 1. Let u(a) = -4*a**j + 11*a**3 + a**2 + a - 2*a. What is u(d)?
7
Let h(t) = t**2 - 3. Let l(m) be the second derivative of m**5/20 - 5*m**4/12 + m**3/6 - m**2 - 7*m. Let o be l(5). Suppose 2*c - o*c = -4. Give h(c).
13
Let c(p) = 293 + 295 - 879 - 8*p - p**2 + 0*p + 292. Let o be 2 + -1 - 2*5. Give c(o).
-8
Let s(h) be the second derivative of -h**4/12 + 2*h**3/3 - h**2/2 + 83*h. Calculate s(2).
3
Let j(n) = -n**3 - 6*n**2 - 8*n - 6. Let v be 3/2*18/27. Let y = v - -9. Suppose -h = -3*r - y, r - 3*r - 4*h = 30. Give j(r).
9
Let n(d) = d**3 - 7*d**2 + 7*d - 2. Suppose -30*r = -195 + 45. Calculate n(r).
-17
Let k(w) = -6*w**2 + w - 1. Let n(u) = -u**2 - 5*u + 179. Let l be n(-16). Give k(l).
-52
Let a(k) be the third derivative of -k**6/120 + k**5/60 - 2*k**3/3 + k**2. Let i(n) = 2*n - 8. Let f be 30/8 - ((-3)/(-4) - 1). Let l be i(f). Give a(l).
-4
Let o(c) be the second derivative of c**4/12 + 7*c**3/6 + 3*c**2/2 - 13*c. Determine o(-6).
-3
Let j(c) = c**3 - 4*c**2 - 3*c + 6. Let p(s) = -s - 2. Suppose 3*u - 4 = 2*u. Suppose 3*v = -u*l - 19, -2 = 2*l + 2*v + 2*v. Let d be p(l). Give j(d).
16
Let v(d) be the first derivative of -1/6*d**4 - 5/2*d**2 + 0*d - d**3 - 1/120*d**6 + 1 - 1/12*d**5. Let z(i) be the second derivative of v(i). Give z(-4).
-6
Suppose -15*z - 3*z = 3*z. Suppose -r + z = 7. Let d(q) = -q**3 - 8*q**2 - 7*q + 9. Give d(r).
9
Let p(x) be the third derivative of 1/24*x**4 + 0*x - 1/2*x**3 + 6*x**2 + 0. Determine p(6).
3
Let s(i) be the second derivative of i**8/6720 + i**7/630 + i**6/180 + i**5/60 + 19*i**4/12 + 14*i. Let d(t) be the third derivative of s(t). What is d(-3)?
-1
Let x(h) = -h**3 - h**2. Let q = 18 - 24. Let m(n) = 5*n**3 + 9*n**2 + 3*n. Let o(l) = q*x(l) - m(l). Calculate o(4).
4
Let x(a) = 2*a - 3. Suppose 0 = -2*h + 5*d, -4*h - 11 = -h - 2*d. Determine x(h).
-13
Let p(y) = -1 - 2*y**2 - 7*y**2 + 72*y**3 - 74*y**3 + 2 - 5*y. Give p(-4).
5
Let t(c) = -5*c + 2. Let l(y) = -4*y + 2. Let a(i) = 6*l(i) - 5*t(i). Suppose -5*g = -2*v - 3*v + 5, -g = v + 5. Determine a(g).
-1
Let f = 11 - -39. Let q = f - 55. Let a(p) = p - 1. Give a(q).
-6
Let s(p) = 35*p + 4 - 4*p**2 + 5*p**2 - 44*p. Give s(5).
-16
Let n(s) = 2*s - 5. Suppose 224*d - 211*d - 39 = 0. What is n(d)?
1
Let m(x) be the second derivative of 7*x**4/12 - x**3/3 + x**2/2 + x + 4. Give m(1).
6
Let l(z) = z**2 + z. Suppose -241 = 2*i + 5*h, 3*i - 47 + 391 = -4*h. Let b = i + 110. Give l(b).
6
Let w(k) = -k**3 - 12*k**2 - 8*k + 35. Let u be w(-11). Let m(h) be the first derivative of h**2 - 4/3*h**3 + u + 1/4*h**4 + 2*h. Give m(3).
-1
Let n be 28/2*2/(-4). Let v(u) = u**3 + 8*u**2 + 6*u - 4. Let c be v(n). Let r(a) = -74*a + 5*a**2 - 3 + 72*a + a**3 - 2*a**c. Determine r(4).
5
Let h(w) = -9*w + 1. Let m = -1327 - -1325. Give h(m).
19
Let i(p) = -p**3 + p**2 - p - 3. Let v(j) = 4*j**3 - 25*j**2 - 17*j - 28. Let w(l) = 5*i(l) + v(l). Determine w(-19).
14
Let l(n) = 2*n**2 - 16*n - 3. Let h = 2 + 6. Determine l(h).
-3
Let k(v) = v**3 + 60*v**2 + 59*v + 7. Let w be k(-59). Let b(x) = -x**3 + 7*x**2 - 7*x + 13. Calculate b(w).
-36
Let y(x) = x**3 + 3*x**2 - 19*x - 63. Let m be y(-4). Let s(l) = 3*l + 2. Calculate s(m).
-7
Let r(n) = -n - 8. Let i be ((-1)/4)/((-5)/(-20)). Let q(a) = -1. Let j(u) = i*r(u) - 3*q(u). Calculate j(-6).
5
Let x(d) be the third derivative of d**5/60 - 7*d**4/24 + 2*d**3/3 - d**2. Let t be (-4 + -4 + 9)*0. Suppose t = -l - v + 4, -7*v + 3*v - 14 = -l. Give x(l).
-2
Let f = 270 + -278. Let q(c) = c**2 + 9*c + 8. Calculate q(f).
0
Suppose -66*h = -74*h - 72. Let j(m) be the second derivative of -m**3/6 - 7*m**2/2 - 2*m. Calculate j(h).
2
Let n(d) = -3*d + 9. Let j be n(2). Let b(z) = -j*z + 6*z**3 + 2*z - 5 + 3*z + 4. Let r(i) = -i + 6. Let x be r(5). Give b(x).
7
Suppose -j + 69 = -5*l, -5*j - 6 = 2*l - 0*j. Let a = l - -9. Let s(c) be the third derivative of -c**4/12 + c**3/6 + c**2 - 9*c. What is s(a)?
9
Let j(a) be the second derivative of -a**3/6 - 2*a**2 - 75*a. Calculate j(4).
-8
Let v be (50/(-5))/(-2) - (14 - 0). Let h(i) = -i**3 - 9*i**2 + i + 8. What is h(v)?
-1
Let c(b) = -6*b + 9*b + 12*b**2 + 1 - 5*b. Calculate c(1).
11
Let k(h) = 2*h**3 + h**2 - h. Let z(l) = 11*l**3 + 7*l**2 - 17*l + 11. Let j(y) = 5*k(y) - z(y). Determine j(-5).
4
Let z(x) = x - 4. Let g be (-100)/(-2)*19/38. Suppose b + 5*r = 2 + 3, -2*r = 5*b - g. What is z(b)?
1
Let z = -22 - -20. Let x(b) be the first derivative of b**7/840 + b**6/180 - b**4/12 + 5*b**3/3 + 4. Let u(n) be the third derivative of x(n). Calculate u(z).
-2
Let c be (-4)/(-2) - (-8)/(-1). Let d = c - -7. Let q(a) = -3*a + 3*a - d - a**3 + 6*a**3. What is q(-1)?
-6
Let j(f) = 5*f**2 - 7*f**2 + 2*f**3 - 2*f + 3 + 0*f + 0*f. Let z be j(2). Let w(p) = -z + 2*p + 0 + 0 - p. Give w(0).
-7
Let s(b) = b**2 + 3*b + 25 - 12 - 8 - b. Suppose 2*l - 5*x + 80 = -2*l, 4*x - 40 = 2*l. Let g be 6/5*l/6. Calculate s(g).
13
Let n = 194 - 192. Let x(r) = -13*r + 11*r - 2*r**2 + 0*r**2 - 1. Calculate x(n).
-13
Let x be 9/4*752/(-282). Let m(u) be the first derivative of -u**2/2 + 3*u - 1. Determine m(x).
9
Suppose -4 = 4*d - 5*d + l, 5*d + 4*l - 11 = 0. Let f(w) = w**2 + 2*w - 4. Give f(d).
11
Suppose -3*i - 48 - 3 = 0. Let m(z) be the first derivative of 19*z**2 + 14*z - 36. Let f(q) = -13*q - 5. Let y(s) = i*f(s) - 6*m(s). What is y(-1)?
8
Let f(j) = 21*j**3 + j**2 + j + 1. Suppose 5*i = -10, -i = 2*r + 5 - 1. Calculate f(r).
-20
Let w(r) be the second derivative of -r**5/60 + r**4/3 + r**3/2 + r**2/2 - 4*r. Let i(j) be the first derivative of w(j). Give i(7).
10
Let t(b) be the first derivative of 3 + 5/3*b**3 - 1/4*b**4 - 2*b**2 + 7*b. Determine t(5).
-13
Let y(t) = t**2 + 5*t + 4. Let g be (-17 + 7)/(0 + 1). Let v = 7 + g. Let o = -7 - v. Give y(o).
0
Suppose -22*b - 2*b = 168. Let s(k) = k**2 + 5*k. Determine s(b).
14
Suppose 5*t + 28 = 3*x, 3*x - t - 10 = -2. Let j(q) = 4*q**3 - 2*q**2 + 2*q - 1. What is j(x)?
3
Let c(u) = -2*u**2 + 15*u - 38. Let h be c(5). Let s(q) = -q - 1. Determine s(h).
12
Let o(f) = 99*f + 6. Let l(u) = 14*u + 1. Let r(a) = -15*l(a) + 2*o(a). Suppose -1 = 10*t + 19. Give r(t).
21
Let i(j) be the first derivative of -2*j**3/3 + 9*j**2/2 - 3*j + 243. Let f = -6 + 12. Determine i(f).
-21
Let s(g) = 2*g**3 + g**2 - 2*g + 1. Let z(f) = f**2 - 6*f - 25. Let r be z(9). Determine s(r).
17
Suppose 3*n - 3 = 3*d, 0*d + d + 4*n + 26 = 0. Let y be (-4 - 77/(-14))*(-76)/(-3). Let g(l) = -4*l**2 + y*l - l**2 - l**3 - 39*l - l**2 - 2. What is g(d)?
4
Suppose 30*u - 32*u = -5*k - 22, 0 = k + 4*u. Let p(n) = 3*n - 5. Determine p(k).
-17
Suppose -2*f - 2*f = 8. Let a(c) = 9*c + 1. Let h(i) = i. Let l(s) = -a(s) + 2*h(s). Calculate l(f).
13
Let i(r) be the first derivative of -2*r**2 - 4*r + 190. Determine i(7).
-32
Let p(w) = -4*w**3 - 6*w**2 - 5*w - 7. Let h(x) = -5*x**3 - 5*x**2 - 6*x - 7. Let r(l) = 3*h(l) - 4*p(l). Suppose -2*n = n + 27. Determine r(n).
-11
Let x(l) be the first derivative of -l**4/12 - l**3/2 + 3*l**2/2 + 7*l + 10. Let j(n) be the first deriv